 prime factors of b(1)?
3
Let g = -2909 + 4898. List the prime factors of g.
3, 13, 17
Let z be 76 - (2/(-4)*-2 + 2). Suppose -j = -204 + z. What are the prime factors of j?
131
Suppose -4*f - 13 = -41. Let b(o) = 9*o - 13. Let u be b(5). Let j = u + f. List the prime factors of j.
3, 13
Let w(t) be the first derivative of t**2 + 27*t - 6. Let z be w(-12). Suppose 3*p = u - 2*u + 88, -32 = -p - z*u. What are the prime factors of p?
29
List the prime factors of (-2)/9 - ((-8020)/45 - -3).
5, 7
Let n be (-4 + 316/8)*2. Suppose 8*y = 599 - n. What are the prime factors of y?
2, 3, 11
Let t(g) be the first derivative of 8*g**3/3 - g**2/2 - 2*g - 2. List the prime factors of t(2).
2, 7
Let y be (-9)/2*(4 + (-200)/45). Suppose -2*d = 0, -7*d = -5*r - y*d + 445. What are the prime factors of r?
89
Suppose -3*m + 2*m = -5*m. Suppose m*h + 30 = h. List the prime factors of h.
2, 3, 5
Let z(h) = -h**3 - 2*h - 8. Let y be z(-2). Let t be (0/(-1 - 2))/(-1). Suppose d - 3*v + 41 = 2*d, y*v + 16 = t. What are the prime factors of d?
53
Suppose -5*p = 15, -2*r + p = -r - 6. List the prime factors of (-88)/r*(-72)/32.
2, 3, 11
Let m = -41 + -25. Let d = m + 109. Let g = -23 + d. List the prime factors of g.
2, 5
List the prime factors of (-6)/8 - 191273/(-76).
2, 17, 37
Let h = 1076 - 614. What are the prime factors of h?
2, 3, 7, 11
Suppose -9*z + 10*z = -10. Let d(j) = j + 18. Let u be d(z). What are the prime factors of ((-4)/u)/((-2)/44)?
11
Let f(g) = -g**3 + g - 40. Let s be f(0). Suppose -5*a + 3*i = 296, -2*a - i - 230 = 2*a. Let j = s - a. List the prime factors of j.
2, 3
Let b be ((-10)/6)/((-2)/120). Let n = b - 71. What are the prime factors of n?
29
Let f = 13 - 46. List the prime factors of (44 - f) + 1*-1.
2, 19
Let h = 5 - 0. Suppose 0*z - 3*x = -z + 42, -h*z = 3*x - 120. List the prime factors of z.
3
Let f(o) = 1189*o. Let g(n) = 36*n. Let m(k) = 5*f(k) - 164*g(k). Let y be m(2). Suppose -3*h - 82 = -4*p + y, p = h + 40. List the prime factors of p.
2, 11
Let j(y) = y**2 - 12. Let s be 136/(-24) - (-2)/(-6). What are the prime factors of j(s)?
2, 3
Let t(g) be the first derivative of -1/4*g**4 - 9*g - 2/3*g**3 + 10 + 2*g**2. What are the prime factors of t(-5)?
2, 23
Let r(g) = -g + 1. Let x be r(-3). Let q = 169 - 157. Suppose x*b + q = 28. List the prime factors of b.
2
Let s be (-9347)/39 - (-4)/6. Let x = s - -419. Suppose 4*a - x = 5*k, a = 3*a - 3*k - 90. List the prime factors of a.
3, 5
Let v = -14 - -19. Suppose 2*k - 3*y + 5 = 0, -4*k - v*y = 3 - 48. What are the prime factors of k?
5
Suppose -1536 = -3*x - x. Let a = x + -268. List the prime factors of a.
2, 29
Let b(y) be the second derivative of y**4/2 - y**3/3 - 2*y**2 - 14*y. What are the prime factors of b(4)?
2, 3, 7
Suppose 15*d - 16*d = 0. Suppose 3*k + j - 3*j - 785 = d, -4*k = 4*j - 1060. What are the prime factors of k?
263
Let u be (3/(-2))/((-3)/(-4)). Let x(y) = 17*y**2 - 4*y - 5. List the prime factors of x(u).
71
Let l be (-2)/(-17) + (-5654)/374. List the prime factors of ((-1920)/l)/(-1 + 2).
2
Let k = 97 - 39. Suppose l = -3*c + k + 61, 2*c = -4*l + 66. List the prime factors of c.
41
Let m(j) be the third derivative of -j**6/40 - j**5/60 + j**4/8 + j**3/6 - 9*j**2. List the prime factors of m(-3).
2
Let y(t) be the first derivative of t**3/3 - 5*t**2 + 11*t - 16. What are the prime factors of y(14)?
67
Let g(y) be the second derivative of -y**5/2 - y**4/12 + y**2/2 - y. Suppose 4*l = t + 21, 3*t + 4*l - 22 = -l. List the prime factors of g(t).
2, 5
Let z be (-4)/(2*(-3)/6). Suppose 3*l + 6 = 0, 2392 + 502 = z*c - 3*l. List the prime factors of c/171 - (-2)/(-9).
2
Let k(m) = 2*m**2 - 12*m + 5. Let d be k(5). Let x(o) = -6*o - 5. Let w(p) = -p - 1. Let n(z) = -4*w(z) + x(z). What are the prime factors of n(d)?
3
Let s(h) = 8*h**2 + h - 16. Let a be -3 - (-1)/(-3)*9. What are the prime factors of s(a)?
2, 7, 19
Suppose 11 = -5*f + 36. Suppose -4*b = -5*q - 99, 0*b = 5*b - f*q - 120. Let v = 10 + b. What are the prime factors of v?
31
Let r(l) = -182*l + 94*l + 95*l + 10*l**3 - 4. What are the prime factors of r(2)?
2, 3, 5
Suppose -5*m + 4379 = 5*d - 3346, -2*m + 7737 = 5*d. What are the prime factors of d?
1549
List the prime factors of 1588/(-14)*(-98)/28.
397
Let z = 32 + -11. Suppose -8*y - 3 = z. Let q(p) = -2*p**3 - 5*p**2 - 4*p - 2. List the prime factors of q(y).
19
Let s be 8*(4 - (3 + 71)). What are the prime factors of s/(-6) + 4*(-3)/36?
3, 31
Let x(s) = -19*s**2 - 3*s + 10. Let r be x(3). Let z = -103 - r. List the prime factors of z.
67
Let u = 1132 + -360. List the prime factors of u.
2, 193
What are the prime factors of 38/95 + 6178/5?
2, 3, 103
Let h(z) = z**2 - 22*z - 84. What are the prime factors of h(-7)?
7, 17
Let b(l) = l**3 + 10*l**2 - 6*l + 4. Let c be b(-9). Let i be (-48)/12*c/(-2). Suppose 5*m - 260 = -5*n, 0*m + i = 5*n - m. What are the prime factors of n?
5, 11
List the prime factors of (-2)/25 - (-82789)/175.
11, 43
Let w = -362 + 1062. What are the prime factors of w?
2, 5, 7
Let x = -10 - -11. Let q be 5 - (2 - (x - -1)). Suppose 5*w + 2*n = 277, 5*w - 301 = q*n - n. List the prime factors of w.
3, 19
Let x(r) = 142*r**3 - r**2 + 13*r - 47. What are the prime factors of x(3)?
11, 347
Let w(d) = 10*d + 4*d - 2*d + 14. List the prime factors of w(5).
2, 37
Let m(x) = -184*x - 418. What are the prime factors of m(-10)?
2, 3, 79
List the prime factors of (12/(-18))/((-8052)/(-8055) - 1).
2, 5, 179
Let d(r) = 2*r**2 - 7*r - 4. Let f(x) = -3*x**2 + 12*x + 6. Let a(t) = 5*d(t) + 3*f(t). Suppose 2*p = -0*p + 12. What are the prime factors of a(p)?
2, 5
Suppose 0 = 4*j - 2 - 10. Suppose -j*g = g - 64. List the prime factors of g/(-56) + 326/14.
23
Suppose 2*g = -4*c + 12, 2*c = -c + g + 4. List the prime factors of c + 0 + 17 + 1.
2, 5
Suppose -530 + 61 = -2*c + u, -2 = 2*u. What are the prime factors of c?
2, 3, 13
Suppose 3*f = 135 - 117. List the prime factors of f.
2, 3
Let r(w) = -5*w**2 - 7*w + 6. Let x(p) = -14*p**2 - 20*p + 17. Let t(q) = 17*r(q) - 6*x(q). Let v be t(3). List the prime factors of 128/10 + v/(-30).
13
Suppose 9*t = 8*t + 359. What are the prime factors of t?
359
Let n = 0 - -2. Suppose n = -3*l - 1. List the prime factors of (124/(-20) - l)*-5.
2, 13
Suppose 18 = 2*q - 4*q. Let t be q*(-4)/2 - -3. Suppose 5*l - t - 14 = 0. List the prime factors of l.
7
Let k(b) = 25*b**2 - 27*b + 111. What are the prime factors of k(6)?
3, 283
Let w(m) = m**3 - 1. Let u(p) = -2*p**3 - 11*p**2 + 6*p + 8. Let x = -29 + 28. Let o(n) = x*u(n) - 3*w(n). What are the prime factors of o(10)?
5, 7
Suppose 3*f + 5 = -2*f, -3*a + f + 460 = 0. Let p = a + -57. What are the prime factors of p?
2, 3
Suppose 4*l = -2*r + 1382, -84*r = -82*r - 10. List the prime factors of l.
7
Suppose 2*l - 5*p = 28, -2*l + 0*p - 12 = 5*p. Let c = 0 + 12. What are the prime factors of c/(1 - (-2)/l)?
2
Let n(j) = j**2 + 15*j + 27. Let f be n(-19). Suppose 5*c = f + 267. List the prime factors of c.
2, 37
Let w(q) = 2*q**3 - 8*q**2 - 16*q + 8. Let k be w(7). Let g = k - 128. What are the prime factors of g?
2, 31
Suppose -2*i + 2782 = 2*j, -4*j - 2*i = -j - 4171. What are the prime factors of j?
3, 463
Suppose 1334 = 5*z - 3*z. List the prime factors of z.
23, 29
Suppose -4*q - 704 = -4*a, -4*a - 3*q + 2*q = -729. Let p = a - 119. What are the prime factors of p?
2, 31
Suppose -13490 = 54*i - 63386. List the prime factors of i.
2, 3, 7, 11
Let c = 4 + -20. Let q = 75 + -72. Let a = q - c. What are the prime factors of a?
19
Suppose -6*a + 2669 = 293. Suppose 2*d = 2*q - 282, -5*q + 285 + a = 3*d. What are the prime factors of q?
2, 3, 23
Let n = 1072 + -420. What are the prime factors of n?
2, 163
Suppose 0 = 35*s - 388 - 7837. What are the prime factors of s?
5, 47
Let f(x) = -3*x**2 + 4*x. Let q be f(2). Let l(s) = s - 3. Let t(w) = w - 3. Let d(a) = q*l(a) + 3*t(a). What are the prime factors of d(-5)?
2
Let b(f) be the third derivative of -1/24*f**4 - 1/6*f**3 - 1/120*f**6 - 6*f**2 + 0*f + 0 - 2/15*f**5. List the prime factors of b(-8).
7
Suppose -6*i = -1709 - 175. List the prime factors of i.
2, 157
Let q(m) = -m**2 - 5*m + 23. Let s be q(7). Let p = s - -125. List the prime factors of p.
2
Suppose 13*n - 17*n - 4*p + 2968 = 0, 5*p = 10. List the pri